t is the highest common factor of 182 and g?
14
Suppose a = 3 + 1. Suppose a*l - 60 = -l. Suppose 2*q - 3*b = -8*b + 45, 2*b = -5*q + 144. Calculate the highest common factor of q and l.
6
Let w(h) = h**3 + 10*h**2 - 8*h + 9. Let j be w(-10). Let d = j - 83. What is the highest common divisor of 66 and d?
6
Let y be 6/4*(4 - -2). Suppose -2*b - 4 = -3*b. Suppose -3*u - b = -7*u. What is the greatest common factor of u and y?
1
Suppose -o + 17*i - 22*i + 14 = 0, i = 0. Suppose 4*w - w + 30 = 0. Let u = w + o. Calculate the greatest common factor of 28 and u.
4
Let q(b) = b**3 - 2*b**2 + b. Let k be q(3). Calculate the greatest common divisor of 132 and k.
12
Suppose -5*u = -3*u + 110. Let y be (-22)/u + (-144)/(-15). Let h = -3 + 5. What is the greatest common factor of h and y?
2
Let y be (-412)/(-16) + 15/(-20). Let v(h) = -h**2 - 8*h - 7. Let d be v(-7). Suppose d = 3*n - 0*n - 30. Calculate the highest common factor of y and n.
5
Let i = -9 - -8. Let u be ((-4)/(-10))/(i/100). Let q = -20 - u. Calculate the highest common divisor of 100 and q.
20
Suppose 0 = -67*s + 31*s + 6336. What is the highest common factor of 33 and s?
11
Suppose 0 = -2*j + j + 5. Suppose -2*x + 42 = -j*x. Let h be 2/7 + (-206)/x. What is the greatest common factor of 15 and h?
15
Let t(d) = 3*d**2 + 20*d + 75. Let q(g) = -g**2 - 7*g - 25. Let m(h) = 8*q(h) + 3*t(h). Let x be m(0). What is the highest common divisor of x and 10?
5
Let m(p) = -18*p**3 + 2*p**2 + 2*p + 1. Let o be m(-1). Calculate the highest common divisor of o and 95.
19
Let r = 412 + -243. Calculate the highest common divisor of r and 13.
13
Let u be (-45)/(-90) - (-222)/4. Calculate the highest common factor of 406 and u.
14
Let s be ((-34)/4)/(3/(-6)). Let h be ((-5)/6)/((-13)/78). Suppose -h*i + 0*i = -85. Calculate the greatest common factor of s and i.
17
Suppose -4*v + 2*v + 5*h = -349, -3*v = h - 481. Suppose 13*j = 9*j - 216. Let m be (0 - 1)/(3/j). What is the greatest common divisor of v and m?
18
Let o(g) = -3*g**3 + 26*g**2 + 10*g + 1. Let k be o(9). Calculate the highest common divisor of k and 1970.
10
Suppose -3*w - 56 = -5*s + 57, 2*s - 2*w = 46. Calculate the greatest common factor of 55 and s.
11
Let r be 147/(-42)*(-24)/14. Suppose t + 1 = i - r, -3*i + 25 = -2*t. What is the greatest common divisor of i and 110?
11
Suppose 6 = 4*m - 14. Let c = -2374 - -2399. Calculate the greatest common factor of m and c.
5
Let g = 312 - 144. Calculate the greatest common factor of 21 and g.
21
Let u = 10 - 4. Let r(y) = -y**2 + 7*y + 3. Let h be r(u). Let n be (-3 - -1)*2*(-3)/4. What is the highest common factor of n and h?
3
Let l(r) = 11*r - 10. Let k(u) = -u**2 + 8*u - 10. Let c be k(5). Let s be l(c). What is the greatest common factor of s and 9?
9
Suppose r - 45 = -4*r. Let b = r - 3. Suppose 16 - b = 5*t. Calculate the greatest common divisor of t and 4.
2
Suppose -5*i = -v + 20, 4*i + v - 3*v = -22. Let g be 6 + -4 - (-8 + i). Suppose k - 3*k + 130 = 0. What is the highest common divisor of k and g?
13
Suppose 4*z - 4*t = -z + 10, 4*z - 29 = -t. Suppose -z*x = -10*x + 4. What is the highest common divisor of 1 and x?
1
Let g(c) = c**3 - 11*c**2 - 23*c + 21. Let j be g(13). Suppose -k - 14 = -j. Calculate the greatest common factor of k and 23.
23
Suppose 340 = -3*t + 8*t. Let b be t/20 + 3/5. Calculate the highest common factor of 44 and b.
4
Let h = 815 + -672. What is the greatest common divisor of 65 and h?
13
Suppose 0 = -4*x - m + 11, 5*m = -5*x + 10*m + 45. What is the highest common factor of 8 and x?
4
Let h = -3 + -18. Let q be (-1)/(5/(5*h)). What is the highest common divisor of 7 and q?
7
Suppose 4*j - 40 = j - d, 0 = j + 5*d + 10. Let r = 42 - 27. What is the highest common factor of r and j?
15
Let g(q) = -2*q**2 - 80*q + 46. Let l be g(-27). What is the greatest common factor of 68 and l?
68
Let o(s) = 5*s**2 - 3*s + 2. Let i be o(1). Let f be 18*((-5 - -8) + 6/i). Calculate the greatest common divisor of f and 9.
9
Let f = -47 + 32. Let v be (108/f)/((-8)/(-1340)). Let q be 1/(-2) + v/(-12). Calculate the highest common factor of q and 20.
20
Let f(c) = 5*c**2 - c + 2. Let k be f(2). Let z be 1*k - 27/9. Calculate the highest common divisor of z and 136.
17
Let b(r) = r**2 + 6*r + 37. Let h be b(7). What is the highest common factor of 64 and h?
64
Let u = -48 + 52. Suppose 0 = u*h - 3*g - 100, 0 = -3*h + 3*g + 57 + 21. Calculate the greatest common divisor of 22 and h.
22
Let u(l) = 28*l + 5. Let p be u(-6). Let k = p - -176. Calculate the greatest common factor of 52 and k.
13
Let n(b) = b**2 - b - 4. Let w be n(3). Suppose -m + 1 = -w. Suppose -4*h + 22 = -0*v + m*v, h = -5*v + 31. What is the highest common factor of 6 and v?
6
Let u = 18 + -10. Let i(r) = 114*r - 2948. Let d be i(26). Calculate the highest common factor of u and d.
8
Suppose -56 = -t - 13. What is the highest common factor of 43 and t?
43
Let x(l) = -25*l - 924. Let d be x(-37). Calculate the highest common factor of 47 and d.
1
Let j(n) be the third derivative of n**5/20 + n**4/8 + 2*n**2. Let p be j(-4). What is the highest common divisor of p and 4?
4
Suppose a + 0*a + 37 = m, -3*a = -5*m + 175. Suppose 0 = 7*v - 4*v - 117. Let p = v + -31. Calculate the greatest common divisor of m and p.
8
Let p be 3 + (-63)/9 + 1016. Calculate the greatest common factor of 44 and p.
44
Let z be 447/6*-1*-22. What is the highest common factor of 22 and z?
11
Suppose -6*b = -5*b - 6. Suppose 0 = -3*h - b, -4*h = -5*t - 0*h + 23. Let d = -4 - -37. What is the greatest common divisor of d and t?
3
Suppose 4*w - t - 68 = 0, 12*t = 16*t + 16. Calculate the highest common divisor of w and 2.
2
Let z be -312*(-123)/6 - 4. Let r be z/(-28) + (-2)/(-7). Let h = -120 - r. What is the greatest common factor of h and 12?
12
Let y(q) = q**2 + 8*q - 174. Let v be y(11). Calculate the highest common divisor of v and 3955.
35
Let x be (-1 - 36/20)/(24/(-600)). What is the highest common divisor of x and 154?
14
Let k be ((12/(-63))/(4/(-518)))/(4/6). Suppose 2*h + 5*a = 513, 4*h - 514 = 2*h - 4*a. Calculate the greatest common divisor of k and h.
37
Let y = -175 + 219. Let j(u) = -u - 1. Let p be j(-5). Calculate the greatest common factor of y and p.
4
Let z(r) = -4 + r + 4 - 1. Let p be z(4). Suppose 2*k + 0 + 40 = l, p*k + 45 = l. Calculate the greatest common divisor of l and 12.
6
Suppose 2*h - 3 - 5 = -2*j, -3*j = h - 4. Suppose -4*f + 3*l + 37 = j, -3*f - l + 33 = 2*l. Let m = 84 - 54. Calculate the greatest common divisor of m and f.
10
Let x = 26 - -72. Calculate the highest common factor of x and 343.
49
Let g = -12 - -109. Suppose 0 = 2*c + g - 165. Calculate the highest common factor of c and 17.
17
Suppose -4*d = -2*f - 86, 0 = 9*d - 5*d - 3*f - 85. What is the greatest common factor of 33 and d?
11
Let t be 15 - (-5)/(15/6). Let b(s) = s**2 + 13*s + 55. Let y be b(-15). What is the greatest common divisor of t and y?
17
Let r be ((-36)/16)/(6/32). Let f be 1/6 + (-22)/r. Let b be f/(-2) + 103 - 4. Calculate the highest common factor of 14 and b.
14
Let u = -41 + 59. Let z(g) = -179*g**3 + 1. Let n be z(-1). Suppose -3*r + n = -r. Calculate the highest common divisor of u and r.
18
Let s(f) = f**2 - 36*f - 375. Let l be s(45). Calculate the greatest common factor of l and 310.
10
Let a(p) = -12*p + 18. Let f be a(2). Suppose 543 = -4*n - 1061. Let z be f/30 - n/5. What is the greatest common factor of z and 10?
10
Let h = 68 - 25. Suppose 0 = -4*t + h + 5. What is the highest common divisor of 24 and t?
12
Let f be (6 - (6 - 2))*42/4. Let r = -26 + -25. Let u = r + 72. What is the greatest common factor of u and f?
21
Let y be 34/187 + 5608/11. What is the highest common divisor of 30 and y?
30
Let l(i) = 75*i - 346. Let d be l(9). What is the greatest common divisor of 94 and d?
47
Let z(l) = -l**3 + 12*l**2 - 10*l - 6. Let g = 29 + -18. Let n be z(g). Calculate the highest common factor of 40 and n.
5
Suppose 21*y - 169 = 20. What is the highest common factor of 333 and y?
9
Let v(x) = -5*x + 115. Let h be v(-29). Calculate the highest common divisor of h and 20.
20
Let k be (2 + (-7 - -4))*-24. Suppose 4*m = 5*r + 3*m - 844, 0 = r - 3*m - 180. Calculate the highest common divisor of r and k.
24
Let o = 11